{"id":1359,"date":"2019-11-13T09:48:52","date_gmt":"2019-11-13T09:48:52","guid":{"rendered":"http:\/\/www.fincasmallorcacharme.com\/blog\/?page_id=1359"},"modified":"2019-11-13T10:16:06","modified_gmt":"2019-11-13T10:16:06","slug":"que-ver-en-mallorca","status":"publish","type":"page","link":"https:\/\/www.fincasmallorcacharme.com\/blog\/que-ver-en-mallorca\/","title":{"rendered":"Que ver en Mallorca"},"content":{"rendered":"<p>Mallorca ofrece multitud de cosas por descubrir. Por eso hemos hecho a modo de lista nuestro top de cosas que ver en Mallorca que a nosotros personalmente nos gustan m\u00e1s.<\/p>\n<div id=\"toc_container\" class=\"no_bullets\"><p class=\"toc_title\">&Uuml;bersicht<\/p><ul class=\"toc_list\"><li><a href=\"#Cosas_que_ver_en_el_Norte_de_Mallorca\"><span class=\"toc_number toc_depth_1\">1<\/span> Cosas que ver en el Norte de Mallorca<\/a><\/li><li><a href=\"#Cosas_que_ver_en_el_Oeste_de_Mallorca\"><span class=\"toc_number toc_depth_1\">2<\/span> Cosas que ver en el Oeste de Mallorca<\/a><\/li><li><a href=\"#Cosas_que_ver_en_el_Sur_de_Mallorca\"><span class=\"toc_number toc_depth_1\">3<\/span> Cosas que ver en el Sur de Mallorca<\/a><\/li><li><a href=\"#Mallorca_ofrece_muchas_cosas_que_ver\"><span class=\"toc_number toc_depth_1\">4<\/span> Mallorca ofrece muchas cosas que ver<\/a><\/li><\/ul><\/div>\n<h2><span id=\"Cosas_que_ver_en_el_Norte_de_Mallorca\">Cosas que ver en el Norte de Mallorca<\/span><\/h2>\n<p>El norte de Mallorca consta de playas y peque\u00f1as calas donde se combinan la pr\u00e1ctica de \u00a0diferentes deportes acu\u00e1ticos con la tradici\u00f3n de los pueblos del interior. El casco antiguo de Alc\u00fadia con su muralla renacentista y la hermosa Bah\u00eda del Port de Pollenca en el interior son de obligada visita .Entre Alc\u00fadia y el pueblo costero de Can Picafort, se encuentra el parque natural de s&#8217;Albufera,, un inmenso humedal que cobija a m\u00e1s de doscientas especies de aves. M\u00e1s hacia el Este est\u00e1n\u00a0 las cuevas de Art\u00e0 y las cuevas \u00a0del Drach en Portocristo. Estas grandes cuevas enormes est\u00e1n formadas por grutas, estalactitas y estalagmitas .La costa este es conocida por sus id\u00edlicas bah\u00edas y sus playas de arena fina. Cerca de Felanitx, el Santuari de Sant Salvador, un viejo monasterio, est\u00e1 construido en una monta\u00f1a de quinientos metros de altura. Para los amantes de la joyer\u00eda y la perla la visita a la f\u00e1brica de perlas en Manacor es obligada.<\/p>\n<h2><span id=\"Cosas_que_ver_en_el_Oeste_de_Mallorca\">Cosas que ver en el Oeste de Mallorca<\/span><\/h2>\n<p>M\u00e1s al centro de la isla o tambi\u00e9n llamado en mallorqu\u00edn Es Pla, &#8220;la llanura&#8221; es donde m\u00e1s se puede disfrutar la vida tradicional de Mallorca Aqu\u00ed, encontramos el precioso monasterio de Randa ubicado a m\u00e1s de quinientos metros de altura .<\/p>\n<p>Paseando por el peque\u00f1o pueblo de Sineu, en el centro de Mallorca, gozamos de la arquitectura medieval \u00edntegra de la urbe.<\/p>\n<p>En el oeste de la isla hay un paisaje rocoso y \u00a0salvaje con fascinantes y originales pueblos de monta\u00f1a. Valldemossa con su monasterio llamado La Cartuja es un destino popular o tur\u00edstico. Dei\u00e0, un sitio de retiro para artistas de reconocido prestigio.<\/p>\n<p>Nos desviamos hacia la zona de \u00a0Puigpunyent en el extremo sudoeste de la Sierra de Tramuntana y visitamos las extensas plantaciones de naranjos de la zona de S\u00f3ller y su hist\u00f3rico tranv\u00eda &#8220;, que une S\u00f3ller y Palma desde hace m\u00e1s de 100 a\u00f1os.<\/p>\n<h2><span id=\"Cosas_que_ver_en_el_Sur_de_Mallorca\">Cosas que ver en el Sur de Mallorca<\/span><\/h2>\n<p>Aqu\u00ed encontramos la capital de Mallorca, Palma.Palma de Mallorca ha sido lugar de los fenicios, los romanos, los \u00e1rabes. En Palma de Mallorca podremos descubrir la mexcla de la \u00e9poca medieval y el Modernismo de finales del siglo XIX construidos en este conjunto cultural. El casco viejo m\u00e1s grande de Europa y la maravilla de la catedral &#8220;La Seu&#8221; le invitan a hacerse una fotograf\u00eda con estos monumentos mallorquines.<\/p>\n<p>En el propio Castell de Bellver, los viandantes gozan de la vista sobre la bah\u00eda de Palma. Justo antes de la costa sudoeste vemos la isla de la Dragonera. La isla protegida por la naturaleza es un para\u00edso para los amantes de las plantas y de las aves<\/p>\n<p>M\u00e1s al sur de La isla, el paisaje se vuelve plano y el calor se hace m\u00e1s notorio por estas zonas<br \/>\nEn el Sur destacan las extensas salinas como son Ses Salines d&#8217;Es Trenc.<\/p>\n<p>El lugar m\u00e1s conocido en el sur es la playa Es Trenc al oeste de la Colonia Sant Jordi. La playa consta de 3 quil\u00f3metros y medio de arena fina, y uno de los mares m\u00e1s preciosos del Mediterr\u00e1neo con sus tonos turquesa que nada tiene que envidiar a las playas del Caribe .<\/p>\n<h2><span id=\"Mallorca_ofrece_muchas_cosas_que_ver\">Mallorca ofrece muchas cosas que ver<\/span><\/h2>\n<p>La isla de Mallorca atrae a multitud de personas por sus atracciones tur\u00edsticas. No obstante, las vacaciones de sol y playa son las que predominan aun hoy en d\u00eda. La isla consta de una gran oferta de alojamiento. La mayor aglomeraci\u00f3n tur\u00edstica es la bah\u00eda de Palma, entre Magaluf y S&#8217;Arenal, mas asimismo en la costa este y en las bah\u00edas de Pollensa y Alc\u00fadia tambi\u00e9n se pueden encontrar grandes infraestructuras hoteleras y Fincas para alquilar.<\/p>\n<p>Las playas del este de Palma son de manera frecuente comparables a la atmosfera de Ballermann. Naturalmente, S&#8217;Arenal no tiene su concida reputaci\u00f3n por casualidad, mas se pasa por alto que el \u00e1rea cerca de Balneario seis y la &#8220;Schinkengasse&#8221; es solo una peque\u00f1a una parte de la Platja de Palma. La bien cuidada playa de arena de seis km de largo, los cortos recorridos al aeropuerto, la buena conexi\u00f3n con la capital y, para finalizar, mas no por esta raz\u00f3n menos esencial, el a\u00fan bajo nivel de costes pueden ser razonamientos para decidirse por S\u2019Arenal.<\/p>\n<p>Asimismo desde aqu\u00ed no est\u00e1 lejos de la ciudad de Palma de Mallorca. Los complejos tur\u00edsticos de Palmanova y las torres hoteleras de Magaluf, que est\u00e1n ocupadas primordialmente por brit\u00e1nicos turistas.<\/p>\n<p>El pueblo de Paguera, se puede decir que es un pueblo de los alemanes ya que \u00a0la mayor parte de los turistas que veranean aqu\u00ed son alemanes.No hay ning\u00fan rinc\u00f3n en Paguera que no conozcan ya en Alemania. \u00a0Aun en invierno, cuando muchos lugares de la isla est\u00e1n vac\u00edos, muchos hoteles y restaurants est\u00e1n abiertos merced al tiempo invernal.. Peguera es asimismo una buena localizaci\u00f3n para efectuar excursiones a la Tramuntana sur y a la ciudad de Palma de Mallorca, la cual no est\u00e1 muy lejos de aqu\u00ed.<\/p>\n<p>El Puerto de SoIler y la Cala de Sant Vicen\u00e7 son las \u00fanicas zonas de ba\u00f1o de la escarpada costa de la Serra de Tramuntana en el norte y son unos de las mejores cosas que ver en\u00a0 Mallorca. La bah\u00eda pr\u00e1cticamente circular de Port de S\u00f3ller con una angosta playa de arena es asimismo una base preferida por los excursionistas. Destinos como Dei\u00e0 y Valldemossa est\u00e1n a poca distancia, e inclusive Palma est\u00e1 a solo media hora en auto. Las excursiones en nav\u00edo a Cala Tuent y Sa Calobra en la zona de Soller son muy populares.La Cala de Sant Vicente se halla al norte, en una bah\u00eda enmarcada por una roca escarpada. Aqu\u00ed se pueden encontrar 2 preciosas playas .<\/p>\n<p>En la zona norte encontramos el puerto de Pollenca, descubierto en los a\u00f1os treinta por los turistas ingleses, que hasta el d\u00eda de hoy forman la mayor parte del tipo de turista que visita esta zona. La extensa bah\u00eda de Pollensa y Alcudia es uno de los centros de deportes acu\u00e1ticos m\u00e1s populares de la isla, donde se halla una escuela de vela y surf dirigida por alemanes y espa\u00f1oles<\/p>\n<p>M\u00e1s hacia el interior se encuentra el pueblo de Pollensa que es asimismo una de las zonas preferidas para las vacaciones en fincas. Ciertos paisajes m\u00e1s espectaculares de Mallorca, como las pen\u00ednsulas de Formentor y Victoria, est\u00e1n ubicados en la zona norte de Mallorca donde se encuentra Pollensa, y el monasterio de Lluc, en las monta\u00f1as de la Serra de Tramuntana. Este tipo de atractivos tur\u00edsticos solo se pueden ver con el coche<\/p>\n<p>La bah\u00eda m\u00e1s grande de Mallorca al lado de la bah\u00eda de Palma es la de Alcudia. La bah\u00eda de Alcudia se extiende desde Aucanada pasando por Can Picafort, Son Serra de Marina y la Colonia de Sant Pere hasta cabo de Farrutx. En ella encontramos una de las mejores playas de mallorca; llegando a ser esta de unos 22 Km de largo .<\/p>\n<p>La zona de vacaciones es perfecta para unas vacaciones en familia con ni\u00f1os peque\u00f1os ya que hay muchas cosas que ver con ni\u00f1os.<\/p>\n<p>La costa este con sus pintorescas bah\u00edas de ba\u00f1o es una de las zonas vacacionales m\u00e1s populares de Mallorca Uno de los lugares m\u00e1s queridos por los alemanes \u00a0es Cala Ratjada ya que son mayor\u00eda en esta zona. En Cala Ratjada se caracteriza por tener abundantes bares y clubes.<\/p>\n<p>Cala Millor tiene la playa de arena m\u00e1s larga del este, con dos km de longitud. En la costa sudeste el turismo se concentra en Cala d&#8217;Or,. La zona n\u00facleo de\u00a0 Cala d&#8217;Or, que da nombre a la zona, tiene mucho que ofrecer y fue construida \u00a0en los a\u00f1os treinta al estilo ibicenco.<\/p>\n<p>La isla de Mallorca ofrece un sinf\u00edn de posibilidades y cada zona de la isla, sea tur\u00edstica o no tiene un encanto el cual se tiene que ver y vivir. Al ser las distancias entre pueblos m\u00e1s o menos cortas y al haber una buena conexi\u00f3n por carretera, es f\u00e1cil visitar los pueblos de Mallorca y sus puntos tur\u00edsticos<\/p>\n<p>&nbsp;<\/p>\n<p>&nbsp;<\/p>\n<p>&nbsp;<\/p>\n","protected":false},"excerpt":{"rendered":"<p>Mallorca ofrece multitud de cosas por descubrir. Por eso hemos hecho a modo de lista nuestro top de cosas que ver en Mallorca que a nosotros personalmente nos gustan m\u00e1s. &Uuml;bersicht1 Cosas que ver en el Norte de Mallorca2 Cosas que ver en el Oeste de Mallorca3 Cosas que ver en el Sur de Mallorca4&#8230;<\/p>\n","protected":false},"author":2,"featured_media":0,"parent":0,"menu_order":0,"comment_status":"closed","ping_status":"closed","template":"","meta":{"ngg_post_thumbnail":0,"footnotes":""},"class_list":["post-1359","page","type-page","status-publish","hentry"],"yoast_head":"<!-- This site is optimized with the Yoast SEO plugin v26.2 - https:\/\/yoast.com\/wordpress\/plugins\/seo\/ -->\n<title>Que ver en Mallorca - Blog Mallorca Charme<\/title>\n<meta name=\"robots\" content=\"index, follow, max-snippet:-1, max-image-preview:large, max-video-preview:-1\" \/>\n<link rel=\"canonical\" href=\"https:\/\/www.fincasmallorcacharme.com\/blog\/que-ver-en-mallorca\/\" \/>\n<meta property=\"og:locale\" content=\"es_ES\" \/>\n<meta property=\"og:type\" content=\"article\" \/>\n<meta property=\"og:title\" content=\"Que ver en Mallorca - Blog Mallorca Charme\" \/>\n<meta property=\"og:description\" content=\"Mallorca ofrece multitud de cosas por descubrir. Por eso hemos hecho a modo de lista nuestro top de cosas que ver en Mallorca que a nosotros personalmente nos gustan m\u00e1s. &Uuml;bersicht1 Cosas que ver en el Norte de Mallorca2 Cosas que ver en el Oeste de Mallorca3 Cosas que ver en el Sur de Mallorca4...\" \/>\n<meta property=\"og:url\" content=\"https:\/\/www.fincasmallorcacharme.com\/blog\/que-ver-en-mallorca\/\" \/>\n<meta property=\"og:site_name\" content=\"Blog Mallorca Charme\" \/>\n<meta property=\"article:modified_time\" content=\"2019-11-13T10:16:06+00:00\" \/>\n<meta name=\"twitter:card\" content=\"summary_large_image\" \/>\n<meta name=\"twitter:label1\" content=\"Tiempo de lectura\" \/>\n\t<meta name=\"twitter:data1\" content=\"7 minutos\" \/>\n<script type=\"application\/ld+json\" class=\"yoast-schema-graph\">{\"@context\":\"https:\/\/schema.org\",\"@graph\":[{\"@type\":\"WebPage\",\"@id\":\"https:\/\/www.fincasmallorcacharme.com\/blog\/que-ver-en-mallorca\/\",\"url\":\"https:\/\/www.fincasmallorcacharme.com\/blog\/que-ver-en-mallorca\/\",\"name\":\"Que ver en Mallorca - Blog Mallorca Charme\",\"isPartOf\":{\"@id\":\"https:\/\/www.fincasmallorcacharme.com\/blog\/en\/#website\"},\"datePublished\":\"2019-11-13T09:48:52+00:00\",\"dateModified\":\"2019-11-13T10:16:06+00:00\",\"inLanguage\":\"es\",\"potentialAction\":[{\"@type\":\"ReadAction\",\"target\":[\"https:\/\/www.fincasmallorcacharme.com\/blog\/que-ver-en-mallorca\/\"]}]},{\"@type\":\"WebSite\",\"@id\":\"https:\/\/www.fincasmallorcacharme.com\/blog\/en\/#website\",\"url\":\"https:\/\/www.fincasmallorcacharme.com\/blog\/en\/\",\"name\":\"Blog Mallorca Charme\",\"description\":\"Fincasmallorcacharme Blog\",\"publisher\":{\"@id\":\"https:\/\/www.fincasmallorcacharme.com\/blog\/en\/#organization\"},\"potentialAction\":[{\"@type\":\"SearchAction\",\"target\":{\"@type\":\"EntryPoint\",\"urlTemplate\":\"https:\/\/www.fincasmallorcacharme.com\/blog\/en\/?s={search_term_string}\"},\"query-input\":{\"@type\":\"PropertyValueSpecification\",\"valueRequired\":true,\"valueName\":\"search_term_string\"}}],\"inLanguage\":\"es\"},{\"@type\":\"Organization\",\"@id\":\"https:\/\/www.fincasmallorcacharme.com\/blog\/en\/#organization\",\"name\":\"Blog Mallorca Charme\",\"url\":\"https:\/\/www.fincasmallorcacharme.com\/blog\/en\/\",\"logo\":{\"@type\":\"ImageObject\",\"inLanguage\":\"es\",\"@id\":\"https:\/\/www.fincasmallorcacharme.com\/blog\/en\/#\/schema\/logo\/image\/\",\"url\":\"https:\/\/www.fincasmallorcacharme.com\/blog\/wp-content\/uploads\/2020\/02\/cropped-headerrrrr-1.png\",\"contentUrl\":\"https:\/\/www.fincasmallorcacharme.com\/blog\/wp-content\/uploads\/2020\/02\/cropped-headerrrrr-1.png\",\"width\":1250,\"height\":250,\"caption\":\"Blog Mallorca Charme\"},\"image\":{\"@id\":\"https:\/\/www.fincasmallorcacharme.com\/blog\/en\/#\/schema\/logo\/image\/\"}}]}<\/script>\n<!-- \/ Yoast SEO plugin. -->","yoast_head_json":{"title":"Que ver en Mallorca - Blog Mallorca Charme","robots":{"index":"index","follow":"follow","max-snippet":"max-snippet:-1","max-image-preview":"max-image-preview:large","max-video-preview":"max-video-preview:-1"},"canonical":"https:\/\/www.fincasmallorcacharme.com\/blog\/que-ver-en-mallorca\/","og_locale":"es_ES","og_type":"article","og_title":"Que ver en Mallorca - Blog Mallorca Charme","og_description":"Mallorca ofrece multitud de cosas por descubrir. Por eso hemos hecho a modo de lista nuestro top de cosas que ver en Mallorca que a nosotros personalmente nos gustan m\u00e1s. &Uuml;bersicht1 Cosas que ver en el Norte de Mallorca2 Cosas que ver en el Oeste de Mallorca3 Cosas que ver en el Sur de Mallorca4...","og_url":"https:\/\/www.fincasmallorcacharme.com\/blog\/que-ver-en-mallorca\/","og_site_name":"Blog Mallorca Charme","article_modified_time":"2019-11-13T10:16:06+00:00","twitter_card":"summary_large_image","twitter_misc":{"Tiempo de lectura":"7 minutos"},"schema":{"@context":"https:\/\/schema.org","@graph":[{"@type":"WebPage","@id":"https:\/\/www.fincasmallorcacharme.com\/blog\/que-ver-en-mallorca\/","url":"https:\/\/www.fincasmallorcacharme.com\/blog\/que-ver-en-mallorca\/","name":"Que ver en Mallorca - Blog Mallorca Charme","isPartOf":{"@id":"https:\/\/www.fincasmallorcacharme.com\/blog\/en\/#website"},"datePublished":"2019-11-13T09:48:52+00:00","dateModified":"2019-11-13T10:16:06+00:00","inLanguage":"es","potentialAction":[{"@type":"ReadAction","target":["https:\/\/www.fincasmallorcacharme.com\/blog\/que-ver-en-mallorca\/"]}]},{"@type":"WebSite","@id":"https:\/\/www.fincasmallorcacharme.com\/blog\/en\/#website","url":"https:\/\/www.fincasmallorcacharme.com\/blog\/en\/","name":"Blog Mallorca Charme","description":"Fincasmallorcacharme Blog","publisher":{"@id":"https:\/\/www.fincasmallorcacharme.com\/blog\/en\/#organization"},"potentialAction":[{"@type":"SearchAction","target":{"@type":"EntryPoint","urlTemplate":"https:\/\/www.fincasmallorcacharme.com\/blog\/en\/?s={search_term_string}"},"query-input":{"@type":"PropertyValueSpecification","valueRequired":true,"valueName":"search_term_string"}}],"inLanguage":"es"},{"@type":"Organization","@id":"https:\/\/www.fincasmallorcacharme.com\/blog\/en\/#organization","name":"Blog Mallorca Charme","url":"https:\/\/www.fincasmallorcacharme.com\/blog\/en\/","logo":{"@type":"ImageObject","inLanguage":"es","@id":"https:\/\/www.fincasmallorcacharme.com\/blog\/en\/#\/schema\/logo\/image\/","url":"https:\/\/www.fincasmallorcacharme.com\/blog\/wp-content\/uploads\/2020\/02\/cropped-headerrrrr-1.png","contentUrl":"https:\/\/www.fincasmallorcacharme.com\/blog\/wp-content\/uploads\/2020\/02\/cropped-headerrrrr-1.png","width":1250,"height":250,"caption":"Blog Mallorca Charme"},"image":{"@id":"https:\/\/www.fincasmallorcacharme.com\/blog\/en\/#\/schema\/logo\/image\/"}}]}},"amp_enabled":true,"_links":{"self":[{"href":"https:\/\/www.fincasmallorcacharme.com\/blog\/wp-json\/wp\/v2\/pages\/1359","targetHints":{"allow":["GET"]}}],"collection":[{"href":"https:\/\/www.fincasmallorcacharme.com\/blog\/wp-json\/wp\/v2\/pages"}],"about":[{"href":"https:\/\/www.fincasmallorcacharme.com\/blog\/wp-json\/wp\/v2\/types\/page"}],"author":[{"embeddable":true,"href":"https:\/\/www.fincasmallorcacharme.com\/blog\/wp-json\/wp\/v2\/users\/2"}],"replies":[{"embeddable":true,"href":"https:\/\/www.fincasmallorcacharme.com\/blog\/wp-json\/wp\/v2\/comments?post=1359"}],"version-history":[{"count":3,"href":"https:\/\/www.fincasmallorcacharme.com\/blog\/wp-json\/wp\/v2\/pages\/1359\/revisions"}],"predecessor-version":[{"id":1362,"href":"https:\/\/www.fincasmallorcacharme.com\/blog\/wp-json\/wp\/v2\/pages\/1359\/revisions\/1362"}],"wp:attachment":[{"href":"https:\/\/www.fincasmallorcacharme.com\/blog\/wp-json\/wp\/v2\/media?parent=1359"}],"curies":[{"name":"wp","href":"https:\/\/api.w.org\/{rel}","templated":true}]}}